{"id":174,"date":"2025-02-13T10:15:29","date_gmt":"2025-02-13T10:15:29","guid":{"rendered":"https:\/\/linguaemundi.md\/?page_id=174"},"modified":"2025-02-13T10:15:29","modified_gmt":"2025-02-13T10:15:29","slug":"traduceri-comerciale","status":"publish","type":"page","link":"https:\/\/linguaemundi.md\/index.php\/traduceri-comerciale\/","title":{"rendered":"Traduceri comerciale"},"content":{"rendered":"<div class=\"wpb-content-wrapper\"><div id=\"tdi_1\" class=\"tdc-row\"><div class=\"vc_row tdi_2  wpb_row td-pb-row\" >\n<style scoped>\n\/* custom css - generated by TagDiv Composer *\/\n\n\/* custom css - generated by TagDiv Composer *\/\n.tdi_2,\r\n                .tdi_2 .tdc-columns{\r\n                    min-height: 0;\r\n                }.tdi_2,\r\n\t\t\t\t.tdi_2 .tdc-columns{\r\n\t\t\t\t    display: block;\r\n\t\t\t\t}.tdi_2 .tdc-columns{\r\n\t\t\t\t    width: 100%;\r\n\t\t\t\t}.tdi_2:before,\r\n\t\t\t\t.tdi_2:after{\r\n\t\t\t\t    display: table;\r\n\t\t\t\t}\n<\/style><div class=\"vc_column tdi_4  wpb_column vc_column_container tdc-column td-pb-span12\">\n<style scoped>\n\/* custom css - generated by TagDiv Composer *\/\n\n\/* custom css - generated by TagDiv Composer *\/\n.tdi_4{\r\n                    vertical-align: baseline;\r\n                }.tdi_4 > .wpb_wrapper,\r\n\t\t\t\t.tdi_4 > .wpb_wrapper > .tdc-elements{\r\n\t\t\t\t    display: block;\r\n\t\t\t\t}.tdi_4 > .wpb_wrapper > .tdc-elements{\r\n\t\t\t\t    width: 100%;\r\n\t\t\t\t}.tdi_4 > .wpb_wrapper > .vc_row_inner{\r\n\t\t\t\t    width: auto;\r\n\t\t\t\t}.tdi_4 > .wpb_wrapper{\r\n\t\t\t\t    width: auto;\r\n\t\t\t\t    height: auto;\r\n\t\t\t\t}\n<\/style><div class=\"wpb_wrapper\" >[vc_single_image image=&#8221;130&#8243; img_size=&#8221;full&#8221; style=&#8221;vc_box_outline&#8221; border_color=&#8221;sky&#8221;]<\/div><\/div><\/div><\/div><div id=\"tdi_5\" class=\"tdc-row\"><div class=\"vc_row tdi_6  wpb_row td-pb-row\" >\n<style scoped>\n\/* custom css - generated by TagDiv Composer *\/\n\n\/* custom css - generated by TagDiv Composer *\/\n.tdi_6,\r\n                .tdi_6 .tdc-columns{\r\n                    min-height: 0;\r\n                }.tdi_6,\r\n\t\t\t\t.tdi_6 .tdc-columns{\r\n\t\t\t\t    display: block;\r\n\t\t\t\t}.tdi_6 .tdc-columns{\r\n\t\t\t\t    width: 100%;\r\n\t\t\t\t}.tdi_6:before,\r\n\t\t\t\t.tdi_6:after{\r\n\t\t\t\t    display: table;\r\n\t\t\t\t}\n<\/style><div class=\"vc_column tdi_8  wpb_column vc_column_container tdc-column td-pb-span12\">\n<style scoped>\n\/* custom css - generated by TagDiv Composer *\/\n\n\/* custom css - generated by TagDiv Composer *\/\n.tdi_8{\r\n                    vertical-align: baseline;\r\n                }.tdi_8 > .wpb_wrapper,\r\n\t\t\t\t.tdi_8 > .wpb_wrapper > .tdc-elements{\r\n\t\t\t\t    display: block;\r\n\t\t\t\t}.tdi_8 > .wpb_wrapper > .tdc-elements{\r\n\t\t\t\t    width: 100%;\r\n\t\t\t\t}.tdi_8 > .wpb_wrapper > .vc_row_inner{\r\n\t\t\t\t    width: auto;\r\n\t\t\t\t}.tdi_8 > .wpb_wrapper{\r\n\t\t\t\t    width: auto;\r\n\t\t\t\t    height: auto;\r\n\t\t\t\t}\n<\/style><div class=\"wpb_wrapper\" >[vc_column_text]\r\n<p style=\"text-align: justify;\">\u2060<strong>Traduceri comerciale pentru afaceri interna\u021bionale<\/strong> \u2013 Oferim servicii de traducere pentru documente comerciale esen\u021biale, precum contracte de v\u00e2nzare-cump\u0103rare, acorduri de parteneriate, oferte \u0219i coresponden\u021b\u0103 de afaceri, asigur\u00e2ndu-ne c\u0103 toate informa\u021biile sunt traduse cu acurate\u021be \u0219i profesionalism.<\/p>\r\n<p style=\"text-align: justify;\"><strong>Servicii de traducere pentru documente comerciale<\/strong> \u2013 Ne specializ\u0103m \u00een traducerea documenta\u021biei comerciale, inclusiv termeni \u0219i condi\u021bii, licita\u021bii, acorduri comerciale \u0219i documente de import-export, respect\u00e2nd standardele specifice fiec\u0103rei pie\u021be.<\/p>\r\n<p style=\"text-align: justify;\"><strong>Traduceri pentru contracte \u0219i tranzac\u021bii comerciale<\/strong> \u2013 Asigur\u0103m traducerea corect\u0103 \u0219i profesional\u0103 a documentelor comerciale, inclusiv contracte, conven\u021bii comerciale \u0219i documente de negociere, av\u00e2nd grij\u0103 s\u0103 respect\u0103m at\u00e2t terminologia juridic\u0103, c\u00e2t \u0219i contextul comercial specific.<\/p>\r\n<p style=\"text-align: justify;\"><strong>Traduceri de documente pentru schimburi comerciale interna\u021bionale<\/strong> \u2013 Oferim traduceri precise pentru documente comerciale, av\u00e2nd experien\u021b\u0103 \u00een traducerea documentelor de import-export, facturi comerciale, documente de transport \u0219i condi\u021bii de livrare interna\u021bionale.<\/p>\r\n<p style=\"text-align: justify;\"><strong>Traduceri comerciale pentru dezvoltarea afacerilor<\/strong> \u2013 Oferim solu\u021bii de traducere pentru afaceri care doresc s\u0103 se extind\u0103 pe pie\u021be interna\u021bionale, inclusiv traducerea materialelor publicitare, rapoartelor de afaceri \u0219i documenta\u021biei comerciale care sprijin\u0103 dezvoltarea \u0219i expansiunea.<\/p>\r\n[\/vc_column_text]<\/div><\/div><\/div><\/div><\/div>","protected":false},"excerpt":{"rendered":"[vc_single_image image=\"130\" img_size=\"full\" style=\"vc_box_outline\" border_color=\"sky\"] [vc_column_text] \u2060Traduceri comerciale pentru afaceri interna\u021bionale \u2013 Oferim servicii de traducere pentru documente comerciale esen\u021biale, precum contracte de v\u00e2nzare-cump\u0103rare, acorduri de parteneriate, oferte \u0219i coresponden\u021b\u0103 de afaceri, asigur\u00e2ndu-ne c\u0103 toate informa\u021biile sunt traduse cu acurate\u021be \u0219i profesionalism. Servicii de traducere pentru documente comerciale \u2013 Ne specializ\u0103m \u00een traducerea documenta\u021biei comerciale, [...]","protected":false},"author":1,"featured_media":0,"parent":0,"menu_order":0,"comment_status":"closed","ping_status":"closed","template":"","meta":{"footnotes":""},"class_list":["post-174","page","type-page","status-publish"],"_links":{"self":[{"href":"https:\/\/linguaemundi.md\/index.php\/wp-json\/wp\/v2\/pages\/174","targetHints":{"allow":["GET"]}}],"collection":[{"href":"https:\/\/linguaemundi.md\/index.php\/wp-json\/wp\/v2\/pages"}],"about":[{"href":"https:\/\/linguaemundi.md\/index.php\/wp-json\/wp\/v2\/types\/page"}],"author":[{"embeddable":true,"href":"https:\/\/linguaemundi.md\/index.php\/wp-json\/wp\/v2\/users\/1"}],"replies":[{"embeddable":true,"href":"https:\/\/linguaemundi.md\/index.php\/wp-json\/wp\/v2\/comments?post=174"}],"version-history":[{"count":1,"href":"https:\/\/linguaemundi.md\/index.php\/wp-json\/wp\/v2\/pages\/174\/revisions"}],"predecessor-version":[{"id":175,"href":"https:\/\/linguaemundi.md\/index.php\/wp-json\/wp\/v2\/pages\/174\/revisions\/175"}],"wp:attachment":[{"href":"https:\/\/linguaemundi.md\/index.php\/wp-json\/wp\/v2\/media?parent=174"}],"curies":[{"name":"wp","href":"https:\/\/api.w.org\/{rel}","templated":true}]}}